is the ten thousands digit of 318285?
1
What is the units digit of 1369164?
4
What is the millions digit of 14355695?
4
What is the units digit of 10735954?
4
What is the units digit of 723929?
9
What is the thousands digit of 293237?
3
What is the hundred thousands digit of 195221?
1
What is the ten thousands digit of 2015800?
1
What is the ten thousands digit of 4563534?
6
What is the hundred thousands digit of 2792274?
7
What is the hundred thousands digit of 552546?
5
What is the units digit of 2019459?
9
What is the thousands digit of 221669?
1
What is the units digit of 517488?
8
What is the thousands digit of 23664608?
4
What is the hundred thousands digit of 1206074?
2
What is the hundred thousands digit of 18699126?
6
What is the hundred thousands digit of 17419910?
4
What is the hundreds digit of 1031753?
7
What is the thousands digit of 1302576?
2
What is the thousands digit of 860534?
0
What is the units digit of 2615031?
1
What is the tens digit of 345021?
2
What is the units digit of 16426662?
2
What is the thousands digit of 45459?
5
What is the tens digit of 3906236?
3
What is the tens digit of 9781?
8
What is the units digit of 2096008?
8
What is the tens digit of 329141?
4
What is the ten thousands digit of 594045?
9
What is the ten thousands digit of 909429?
0
What is the tens digit of 3112121?
2
What is the hundred thousands digit of 15172837?
1
What is the ten millions digit of 11985046?
1
What is the ten thousands digit of 1221952?
2
What is the thousands digit of 1383631?
3
What is the hundred thousands digit of 459707?
4
What is the tens digit of 83652?
5
What is the units digit of 9497131?
1
What is the hundred thousands digit of 1914352?
9
What is the thousands digit of 1226672?
6
What is the thousands digit of 28136169?
6
What is the thousands digit of 130702?
0
What is the hundreds digit of 2381391?
3
What is the hundreds digit of 976627?
6
What is the ten thousands digit of 373679?
7
What is the units digit of 1664?
4
What is the tens digit of 967941?
4
What is the ten thousands digit of 5473867?
7
What is the units digit of 128443?
3
What is the ten thousands digit of 13518037?
1
What is the ten thousands digit of 34902541?
0
What is the units digit of 534196?
6
What is the thousands digit of 183611?
3
What is the ten thousands digit of 6507808?
0
What is the ten thousands digit of 302108?
0
What is the ten thousands digit of 392319?
9
What is the units digit of 451258?
8
What is the thousands digit of 1186104?
6
What is the hundred thousands digit of 4875256?
8
What is the hundred thousands digit of 365528?
3
What is the hundred thousands digit of 2284941?
2
What is the units digit of 3310833?
3
What is the units digit of 125324?
4
What is the units digit of 314515?
5
What is the millions digit of 3344148?
3
What is the units digit of 32801?
1
What is the tens digit of 2744245?
4
What is the hundred thousands digit of 513734?
5
What is the hundred thousands digit of 271849?
2
What is the millions digit of 7449798?
7
What is the ten thousands digit of 3040152?
4
What is the hundreds digit of 22341690?
6
What is the ten thousands digit of 12378905?
7
What is the thousands digit of 983894?
3
What is the hundred thousands digit of 41991715?
9
What is the units digit of 1478747?
7
What is the hundreds digit of 460921?
9
What is the units digit of 7834713?
3
What is the hundred thousands digit of 220186?
2
What is the hundred thousands digit of 11763802?
7
What is the ten thousands digit of 106004?
0
What is the millions digit of 2272419?
2
What is the tens digit of 247970?
7
What is the hundred thousands digit of 30057517?
0
What is the hundred thousands digit of 245305?
2
What is the thousands digit of 14627745?
7
What is the millions digit of 8948046?
8
What is the hundreds digit of 4182267?
2
What is the millions digit of 8528864?
8
What is the tens digit of 5183244?
4
What is the ten thousands digit of 38798318?
9
What is the hundreds digit of 925836?
8
What is the ten thousands digit of 1221843?
2
What is the hundreds digit of 3793073?
0
What is the units digit of 5424537?
7
What is the millions digit of 1455887?
1
What is the units digit of 49558?
8
What is the ten thousands digit of 1469780?
6
What is the ten thousands digit of 4810293?
1
What is the thousands digit of 772255?
2
What is the hundred thousands digit of 12185625?
1
What is the millions digit of 15566565?
5
What is the ten thousands digit of 256844?
5
What is the ten thousands digit of 4522555?
2
What is the hundreds digit of 35735041?
0
What is the tens digit of 8455233?
3
What is the tens digit of 2596279?
7
What is the millions digit of 3155725?
3
What is the ten thousands digit of 107068?
0
What is the thousands digit of 26697598?
7
What is the thousands digit of 28571474?
1
What is the units digit of 715482?
2
What is the ten thousands digit of 8688969?
8
What is the thousands digit of 256708?
6
What is the hundred thousands digit of 732196?
7
What is the ten thousands digit of 1536911?
3
What is the hundred thousands digit of 1059530?
0
What is the units digit of 1484499?
9
What is the thousands digit of 664582?
4
What is the ten thousands digit of 289386?
8
What is the ten thousands digit of 2707403?
0
What is the thousands digit of 446253?
6
What is the tens digit of 1769728?
2
What is the units digit of 67529?
9
What is the tens digit of 243394?
9
What is the thousands digit of 159295?
9
What is the hundreds digit of 367787?
7
What is the tens digit of 303772?
7
What is the hundreds digit of 22048?
0
What is the units digit of 3599259?
9
What is the hundred thousands digit of 2003762?
0
What is the ten thousands digit of 1966420?
6
What is the units digit of 230845?
5
What is the units digit of 63095?
5
What is the units digit of 158111?
1
What is the hundred thousands digit of 5638300?
6
What is the hundreds digit of 1008440?
4
What is the hundreds digit of 147731?
7
What is the ten thousands digit of 1174315?
7
What is the units digit of 36108388?
8
What is the tens digit of 2277763?
6
What is the units digit of 208704?
4
What is the tens digit of 174720?
2
What is the tens digit of 432406?
0
What is the thousands digit of 12402223?
2
What is the thousands digit of 1240?
1
What is the tens digit of 7600221?
2
What is the thousands digit of 114382?
4
What is the tens digit of 8261316?
1
What is the thousands digit of 234040?
4
What is the hundred thousands digit of 10800723?
8
What is the millions digit of 2104661?
2
What is the tens digit of 256507?
0
What is the ten thousands digit of 2824932?
2
What is the hundred thousands digit of 685659?
6
What is the tens digit of 2597899?
9
What is the tens digit of 217499?
9
What is the units digit of 1591952?
2
What is the hundreds digit of 602515?
5
What is the ten thousands digit of 334227?
3
What is the thousands digit of 682715?
2
What is the hundred thousands digit of 745738?
7
What is the thousands digit of 236773?
6
What is the tens digit of 822359?
5
What is the hundreds digit of 1547561?
5
What is the hundreds digit of 365647?
6
What is the thousands digit of 7063424?
3
What is the ten thousands digit of 88943?
8
What is the tens digit of 12297040?
4
What is the units digit of 1963733?
3
What is the thousands digit of 205053?
5
What is the tens digit of 711988?
8
What is the ten thousands digit of 2528376?
2
What is the units digit of 2696819?
9
What is the ten thousands digit of 998740?
9
What is the ten millions digit of 13367228?
1
What is the thousands digit of 5982260?
2
What is the ten thousands digit of 3820038?
2
What is the ten millions digit of 19827397?
1
What is the units digit of 3517896?
6
What is the thousands digit of 180097?
0
What is the thousands digit of 3491866?
1
What is the ten thousands digit of 5599151?
9
What is the thousands digit of 508478?
8
What is the millions digit of 17321975?
7
What is the hundreds digit of 754045?
0
What is the thousands digit of 1187697?
7
What is the hundred thousands digit of 306447?
3
What is the hundreds digit of 527579?
5
What is the units digit of 16497?
7
What is the hundreds digit of 9141545?
5
What is the hundred thousands digit of 10842646?
8
What is the hundreds digit of 16305?
3
What is the units digit of 78049?
9
Wha